1 divide 205?
False
Is 9 a multiple of 5?
False
Is 3319 a multiple of 13?
False
Is 186 a factor of 1841?
False
Is 14 a factor of 23800?
True
Does 22 divide 17028?
True
Is 7209 a multiple of 27?
True
Does 4 divide 1287?
False
Is 1651 a multiple of 12?
False
Does 53 divide 954?
True
Does 3 divide 8724?
True
Is 2 a factor of 18?
True
Is 14 a factor of 483?
False
Is 19 a factor of 13414?
True
Does 20 divide 9240?
True
Is 22935 a multiple of 15?
True
Does 22 divide 5016?
True
Is 31 a factor of 461?
False
Is 25 a factor of 1772?
False
Does 11 divide 77?
True
Is 624 a multiple of 8?
True
Does 8 divide 5416?
True
Does 54 divide 864?
True
Is 12 a factor of 767?
False
Is 504 a multiple of 45?
False
Is 16628 a multiple of 26?
False
Is 1993 a multiple of 63?
False
Does 12 divide 578?
False
Is 733 a multiple of 27?
False
Is 62238 a multiple of 138?
True
Does 8 divide 400?
True
Is 34 a factor of 68?
True
Is 7978 a multiple of 9?
False
Does 222 divide 40545?
False
Is 5821 a multiple of 78?
False
Does 2 divide 22940?
True
Does 54 divide 37746?
True
Is 124 a factor of 11043?
False
Is 126 a factor of 44352?
True
Is 343 a multiple of 7?
True
Is 2 a factor of 977?
False
Is 12138 a multiple of 102?
True
Is 2592 a multiple of 8?
True
Does 156 divide 26364?
True
Is 13 a factor of 702?
True
Is 63 a factor of 12271?
False
Is 29 a factor of 48057?
False
Does 9 divide 15856?
False
Does 32 divide 2368?
True
Does 20 divide 1037?
False
Does 12 divide 120587?
False
Does 14 divide 1883?
False
Is 1342 a multiple of 46?
False
Is 13 a factor of 715?
True
Is 21 a factor of 19467?
True
Does 9 divide 240?
False
Does 27 divide 6750?
True
Is 51 a factor of 5662?
False
Is 2455 a multiple of 37?
False
Does 19 divide 4438?
False
Is 3 a factor of 50?
False
Is 22 a factor of 858?
True
Is 13 a factor of 3536?
True
Is 294 a factor of 44201?
False
Does 18 divide 87?
False
Is 216 a multiple of 72?
True
Does 17 divide 254?
False
Is 64 a factor of 1551?
False
Is 18 a factor of 900?
True
Is 17 a factor of 4199?
True
Is 5 a factor of 2402?
False
Does 2 divide 213?
False
Is 725 a multiple of 5?
True
Is 1179 a multiple of 2?
False
Is 545 a multiple of 109?
True
Does 33 divide 8712?
True
Is 29 a factor of 14993?
True
Is 10 a factor of 220?
True
Is 4268 a multiple of 97?
True
Is 62 a factor of 14136?
True
Does 21 divide 708?
False
Is 241 even?
False
Is 69 a factor of 2484?
True
Does 14 divide 42924?
True
Is 13 a factor of 506?
False
Is 13 a factor of 520?
True
Is 6046 a multiple of 66?
False
Does 36 divide 588?
False
Does 11 divide 4504?
False
Is 15 a factor of 46294?
False
Is 114 a multiple of 4?
False
Does 6 divide 834?
True
Does 114 divide 649?
False
Is 62 a factor of 30526?
False
Is 280 a multiple of 10?
True
Is 26105 a multiple of 15?
False
Is 3 a factor of 1220?
False
Does 91 divide 44771?
False
Is 1956 a multiple of 60?
False
Is 72622 a multiple of 21?
False
Does 25 divide 183?
False
Does 10 divide 1045?
False
Is 9 a factor of 18793?
False
Does 27 divide 6234?
False
Is 1759 a multiple of 11?
False
Is 392 a multiple of 19?
False
Is 30 a factor of 2671?
False
Is 18 a factor of 1764?
True
Does 7 divide 1008?
True
Does 19 divide 21394?
True
Does 57 divide 572?
False
Does 27 divide 449?
False
Is 834 a multiple of 9?
False
Does 11 divide 12144?
True
Does 10 divide 15961?
False
Is 9601 a multiple of 82?
False
Is 27040 a multiple of 130?
True
Does 31 divide 3274?
False
Does 9 divide 700?
False
Is 13870 a multiple of 15?
False
Is 2394 a multiple of 133?
True
Is 19800 a multiple of 30?
True
Is 18 a factor of 252?
True
Does 15 divide 14160?
True
Does 3 divide 2049?
True
Is 406 a multiple of 33?
False
Is 11 a factor of 13694?
False
Is 765 a multiple of 26?
False
Is 26 a factor of 2184?
True
Is 37 a factor of 2217?
False
Is 13 a factor of 2093?
True
Is 11 a factor of 906?
False
Is 7 a factor of 6621?
False
Is 25 a factor of 28625?
True
Is 11 a factor of 268?
False
Does 17 divide 1243?
False
Does 10 divide 723?
False
Does 27 divide 1223?
False
Is 532 a multiple of 14?
True
Does 11 divide 9414?
False
Is 12 a factor of 15000?
True
Is 37441 a multiple of 6?
False
Does 5 divide 2110?
True
Is 4329 a multiple of 117?
True
Is 767 a multiple of 3?
False
Is 30 a factor of 778?
False
Does 8 divide 356?
False
Is 1131 a multiple of 9?
False
Does 80 divide 36518?
False
Does 7 divide 21?
True
Is 86 even?
True
Is 1363 a multiple of 47?
True
Is 745 a multiple of 38?
False
Is 13 a factor of 576?
False
Is 13008 a multiple of 34?
False
Is 142626 a multiple of 33?
True
Does 5 divide 135?
True
Is 10 a factor of 1520?
True
Is 7 a factor of 631?
False
Is 19543 a multiple of 106?
False
Does 8 divide 256?
True
Does 18 divide 2628?
True
Is 15 a factor of 2790?
True
Is 24 a factor of 4848?
True
Does 73 divide 294?
False
Does 8 divide 145?
False
Is 115542 a multiple of 393?
True
Is 4599 a multiple of 21?
True
Does 54 divide 8748?
True
Does 36 divide 1372?
False
Does 5 divide 9365?
True
Does 110 divide 70400?
True
Is 1809 a multiple of 33?
False
Does 130 divide 49047?
False
Is 9402 a multiple of 6?
True
Is 283 a multiple of 2?
False
Does 23 divide 24104?
True
Is 1953 a multiple of 93?
True
Does 3 divide 3217?
False
Does 62 divide 2575?
False
Is 7 a factor of 15?
False
Does 33 divide 2376?
True
Is 2185 a multiple of 19?
True
Is 3790 a multiple of 10?
True
Is 2 a factor of 671?
False
Is 103 a factor of 1030?
True
Does 49 divide 15288?
True
Is 34780 a multiple of 20?
True
Is 7239 a multiple of 19?
True
Does 23 divide 1026?
False
Is 504 a multiple of 63?
True
Is 14942 a multiple of 62?
True
Does 137 divide 137?
True
Is 79100 a multiple of 37?
False
Is 60500 a multiple of 22?
True
Is 31395 a multiple of 91?
True
Does 2 divide 102?
True
Is 1008 a multiple of 18?
True
Does 58 divide 58?
True
Is 7 a factor of 1001?
True
Is 55 a factor of 12248?
False
Does 15 divide 585?
True
Does 10 divide 30710?
True
Is 5363 a multiple of 32?
False
Is 12 a factor of 1338?
False
Is 42 a factor of 24108?
True
Is 77 a factor of 5544?
True
Is 61 a factor of 2013?
True
Is 14 a factor of 891?
False
Does 111 divide 10767?
True
Does 74 divide 5032?
True
Does 145 divide 5423?
False
Is 122 a factor of 4298?
False
Is 2076 a multiple of 18?
False
Is 62 a factor of 4678?
False
Is 1160 a multiple of 58?
True
Is 4891 a multiple of 67?
True
Is 3 a factor of 8?
False
Is 36623 a multiple of 18?
False
Is 8024 a multiple of 68?
True
Is 77 a factor of 2849?
True
Is 18 a factor of 3060?
True
Is 14196 a multiple of 14?
True
Does 33 divide 3168?
True
Is 23 a factor of 414?
True
Is 5854 a multiple of 18?
False
Is 576 a multiple of 8?
True
Is 166 a factor of 12284?
True
Is 51 a factor of 5355?
True
Does 18 divide 1710?
True
Is 3971 a multiple of 8?
False
Is 4 a factor of 128?
True
Is 278 a factor of 86180?
True
Is 81 a multiple of 9?
True
Is 170 a multiple of 12?
False
Does 52 divide 35545?
False
Does 12 divide 29472?
True
Does 109 divide 5014?
True
Is 64 a factor of 3520?
True
Is 29 a factor of 19169?
True
Does 50 divide 13450?
True
Is 41 even?
False
Is 729 a multiple of 27?
True
Is 11873 a multiple of 33?
False
Is 520 a multiple of 65?
True
Is 155 a factor of 6090?
False
Is 151 a factor of 20838?
True
Does 46 divide 1486?
False
Is 23 a factor of 14260?
True
Does 5 divide 29?
False
Does 24 divide 600?
True
Is 48 a factor of 2448?
True
Is 97 a factor of 1746?
True
Does 85 divide 25330?
True
Does 6 divide 4712?
False
Is 454 a multiple of 11?
False
Is 25 a factor of 7443?
False
Does 16 divide 35?
False
Is 39017 a multiple of 12?
False
Does 35 divide 1258?
False
Does 32 divide 17920?
True
Is 69 a factor of 11178?
True
Does 14 divide 18713?
False
Is 4 a factor of 4972?
True
Is 432 a multiple of 20?
False
Is 95 a factor of 5795?
True
Does 3 divide 147?
True
Does 151 divide 36844?
True
Is 58583 a multiple of 26?
False
Is 12 a factor of 24979?
False
Does 19 divide 14630?
True
Is 2371 a multiple of 9?
False
Is 41184 a multiple of 48?
True
Does 268 divide 12887?
False
Is 2487 a multiple of 2?
False
Is 17325 a multiple of 315?
True
Is 80 a multiple of 9?
False
Is 14528 a multiple of 16?
True
Does 64 divide 1629?
False
Does 6 divide 600?
True
Is 14 a factor of 889?
False
Does 3 divide 28?
False
Is 962 a multiple of 6?
False
Is 31 a factor of 892?
False
Does 13 divide 4130?
False
Does 5 div